3?
True
Is 123 a factor of 132957517?
False
Is 3375387 a multiple of 23?
False
Is 16 a factor of 295775527?
False
Does 115 divide 624468285?
True
Is 367030000 a multiple of 850?
True
Is 6836507 a multiple of 244?
False
Is 11837500 a multiple of 4?
True
Is 292 a factor of 1838615023?
False
Is 1439 a factor of 122553874?
True
Is 76 a factor of 87669116?
True
Is 211385215 a multiple of 182?
False
Is 78304729 a multiple of 135?
False
Is 374 a factor of 65762701?
False
Does 226 divide 10597163?
False
Is 128 a factor of 5267692032?
True
Is 685 a factor of 41882955?
True
Is 2861946253 a multiple of 84?
False
Does 2024 divide 187426448?
True
Is 27694332 a multiple of 894?
True
Is 6690 a factor of 186256290?
True
Is 116441112 a multiple of 2168?
True
Does 4 divide 10503898?
False
Is 22 a factor of 85227494?
True
Does 18 divide 69772384?
False
Is 2352137200 a multiple of 100?
True
Does 191 divide 1874291?
False
Is 2158778088 a multiple of 8403?
False
Does 153 divide 312101946?
True
Is 111638527 a multiple of 1859?
True
Is 4042340 a multiple of 55?
False
Is 54607677 a multiple of 104?
False
Is 19 a factor of 22537629?
True
Is 108538020 a multiple of 1332?
True
Is 15 a factor of 31175625?
True
Is 161727544 a multiple of 5401?
True
Is 1918164536 a multiple of 303?
False
Is 902502558 a multiple of 265?
False
Does 28 divide 34948816?
True
Is 1630183353 a multiple of 73?
False
Is 376552908 a multiple of 62?
True
Does 413 divide 186226?
False
Is 106914 a multiple of 103?
True
Does 638 divide 303339885?
False
Is 844 a factor of 1089714564?
True
Is 2257 a factor of 29614843?
False
Does 25 divide 23375175?
True
Is 248407240 a multiple of 1726?
False
Is 1072 a factor of 4767973576?
False
Does 11 divide 463267959?
True
Is 54501768 a multiple of 27?
True
Does 78 divide 532210042?
False
Is 55362461 a multiple of 401?
True
Does 517 divide 40197784?
True
Is 1702304164 a multiple of 38?
True
Is 10 a factor of 42234853?
False
Is 2422 a factor of 1098000480?
False
Is 42331200 a multiple of 288?
False
Does 379 divide 23292582?
True
Is 7785575 a multiple of 17?
True
Does 345 divide 1120900?
False
Is 960711726 a multiple of 78?
True
Is 618434618 a multiple of 185?
False
Is 63 a factor of 6509051?
False
Is 21762648 a multiple of 636?
True
Does 68 divide 771916620?
True
Is 27383692 a multiple of 10?
False
Does 1956 divide 152925087?
False
Is 792274740 a multiple of 12?
True
Is 1281 a factor of 69294445?
False
Is 7347024 a multiple of 48?
True
Is 110 a factor of 270140852?
False
Is 204062441 a multiple of 123?
False
Does 3296 divide 2577029840?
False
Does 290 divide 549985000?
True
Is 14 a factor of 9513011?
False
Does 3328 divide 192194983?
False
Does 1378 divide 22297418?
True
Does 8 divide 2090136?
True
Is 13 a factor of 48855811?
False
Is 67 a factor of 87978771?
False
Is 546 a factor of 78668226?
True
Does 166 divide 86854980?
False
Is 1156 a factor of 140881720?
True
Does 37 divide 1096481900?
False
Is 4 a factor of 34784702?
False
Is 41 a factor of 842467713?
True
Is 4997249052 a multiple of 60?
False
Is 5993128102 a multiple of 8989?
True
Does 74 divide 122667580?
True
Is 560338491 a multiple of 1839?
False
Is 547865466 a multiple of 411?
True
Does 7 divide 32279226?
True
Is 6 a factor of 11252247?
False
Does 371 divide 375532507?
True
Is 45 a factor of 32273156?
False
Does 2314 divide 1096500470?
True
Does 55 divide 1235568950?
True
Is 81 a factor of 137429541?
True
Is 593 a factor of 1413838902?
True
Is 2744062015 a multiple of 265?
True
Does 17 divide 326341554?
True
Does 1402 divide 1766520?
True
Is 51 a factor of 122556876?
True
Is 1053825165 a multiple of 9?
True
Is 8 a factor of 32691241?
False
Is 180 a factor of 2791983797?
False
Does 1207 divide 92567244?
True
Is 967977271 a multiple of 487?
True
Is 344127 a multiple of 7?
True
Is 11363916 a multiple of 70?
False
Is 15 a factor of 4385385?
True
Is 76 a factor of 227833625?
False
Is 34113953 a multiple of 39?
False
Is 3711413162 a multiple of 86?
True
Is 109 a factor of 391198005?
False
Is 3831310 a multiple of 103?
False
Is 36711547 a multiple of 182?
False
Is 54868860 a multiple of 12?
True
Is 31464342 a multiple of 1197?
True
Is 637 a factor of 439456017?
False
Is 109650 a multiple of 645?
True
Does 43 divide 108644703?
True
Is 677333610 a multiple of 3834?
True
Is 16338564 a multiple of 9?
True
Is 432714345 a multiple of 49?
True
Is 8983284 a multiple of 7?
False
Is 1230 a factor of 112569624?
False
Is 23 a factor of 281384459?
False
Is 2793987 a multiple of 21?
True
Does 2138 divide 114739689?
False
Is 949 a factor of 806130015?
False
Is 40 a factor of 318233640?
True
Is 658458100 a multiple of 109?
True
Is 575 a factor of 42551483?
False
Does 279 divide 134423874?
True
Is 24118741 a multiple of 112?
False
Is 1714891342 a multiple of 8026?
True
Is 100825054 a multiple of 458?
False
Does 151 divide 2242954?
True
Is 47 a factor of 171400540?
True
Is 1047 a factor of 371527950?
True
Does 6 divide 185628894?
True
Does 670 divide 117072104?
False
Is 5516500 a multiple of 68?
True
Does 1071 divide 1841737653?
True
Does 744 divide 13429200?
True
Does 11 divide 251559451?
True
Is 913 a factor of 712208475?
True
Is 3493 a factor of 1589551372?
False
Is 4 a factor of 13423236?
True
Does 527 divide 176572404?
True
Does 1937 divide 6620666?
True
Does 615 divide 5353164?
False
Is 42077885 a multiple of 20?
False
Is 3042194 a multiple of 13?
False
Is 1056 a factor of 1915584?
True
Does 1223 divide 33883088?
False
Is 12 a factor of 3178174731?
False
Does 176 divide 636977968?
True
Does 36 divide 1071346457?
False
Is 110009482 a multiple of 374?
True
Does 13 divide 9998147?
False
Does 33 divide 52981138?
False
Is 28970334 a multiple of 666?
True
Is 41 a factor of 2423070?
False
Is 19157154 a multiple of 2361?
True
Does 4871 divide 27983163?
False
Does 3161 divide 793865921?
False
Does 202 divide 24952858?
True
Is 794 a factor of 144929614?
True
Is 53575334 a multiple of 37?
True
Does 1510 divide 2676554607?
False
Is 318 a factor of 79871742?
True
Is 2394 a factor of 129974292?
False
Is 12 a factor of 75955052?
False
Is 12 a factor of 1008744?
True
Is 21738445 a multiple of 1416?
False
Does 29 divide 109648884?
True
Does 186 divide 20915531?
False
Is 5 a factor of 2737877?
False
Does 9 divide 76874112?
True
Is 175 a factor of 760234277?
False
Does 15 divide 7657738144?
False
Is 297 a factor of 959848758?
True
Is 1351534125 a multiple of 3875?
True
Is 385245368 a multiple of 38?
True
Is 10 a factor of 32431743?
False
Does 43 divide 14800901?
True
Does 138 divide 38813880?
True
Does 5 divide 7240435?
True
Does 113 divide 97988893?
False
Is 11 a factor of 4444038?
False
Is 47 a factor of 15353772?
True
Does 316 divide 334966004?
True
Is 18 a factor of 45075204?
True
Is 14 a factor of 1079601?
False
Does 7 divide 147510498?
False
Is 296 a factor of 29618352?
True
Is 12 a factor of 598935214?
False
Is 57 a factor of 19947299?
False
Does 230 divide 1391367686?
False
Is 1960 a factor of 108671670?
False
Is 93 a factor of 233237299?
False
Is 75 a factor of 271427196?
False
Is 2465 a factor of 36220305?
False
Is 164 a factor of 155780764?
False
Does 83 divide 4587983?
False
Is 17 a factor of 9862261?
True
Is 1754 a factor of 5468991?
False
Does 403 divide 13923078?
False
Does 277 divide 2214191?
False
Is 4428 a factor of 221364576?
True
Is 16193892 a multiple of 302?
False
Is 8 a factor of 38584661?
False
Is 19 a factor of 65100384?
True
Is 15 a factor of 666708580?
False
Does 30 divide 91421377?
False
Does 3 divide 47327338?
False
Is 31 a factor of 595803291?
True
Is 913552251 a multiple of 9878?
False
Does 150 divide 8206967?
False
Does 52 divide 2710948864?
True
Is 6090768 a multiple of 368?
True
Is 201017581 a multiple of 3?
False
Is 2786551598 a multiple of 118?
False
Is 5809 a factor of 1360670120?
False
Does 467 divide 5053903?
False
Does 149 divide 10275177?
False
Does 1429 divide 18046249?
False
Is 343244660 a multiple of 22?
True
Is 1445 a factor of 36574677?
False
Is 138684824 a multiple of 148?
False
Is 125 a factor of 95452750?
True
Is 555775968 a multiple of 7304?
True
Is 37 a factor of 30613265?
False
Does 2113 divide 33970701?
True
Does 87 divide 16784065?
False
Is 10895280 a multiple of 440?
True
Does 51 divide